
False
Let s = -81870 - -114764. Is s a composite number?
True
Let i(z) = -z**2 - 31*z + 29917. Is i(0) composite?
False
Let x = 54574 - 32661. Is x prime?
False
Let z(d) = -d**3 + 3*d**2 - 4*d + 7355. Is z(0) composite?
True
Let x = -30104 - -51001. Is x composite?
False
Let f be ((-6)/1 - -3) + 3. Let g be (3 - (-2 + f)) + -2. Suppose 61 = -g*m + 508. Is m a composite number?
False
Suppose 4613 = 2*c + 5*c. Suppose -4*q + 857 + c = 0. Is q composite?
False
Let m be 189/84 - 2/8. Suppose 0 = m*n - 5*n + 885. Is n a composite number?
True
Let z be -7*(-19 - (-3 - 2)). Suppose -21 = r - z. Is r a prime number?
False
Is 5 - (13 + -7) - -24878 prime?
True
Suppose -2*i - 4*d - 14453 + 105315 = 0, -3*d - 90883 = -2*i. Is i a composite number?
True
Let u(q) be the first derivative of 7*q**3/6 - q**2/2 - 4*q + 6. Let r(z) be the first derivative of u(z). Is r(9) a composite number?
True
Suppose 2*y - 3*h = -3*y - 2, 5*y - 2 = 2*h. Let l(c) = c**3 - 5*c + 5. Let w be l(y). Suppose -2*n - 4*b + 174 = w*n, -b + 137 = 4*n. Is n a prime number?
False
Let g(d) = -15*d**3 - 7*d**2 + 8*d + 11. Is g(-8) a composite number?
True
Let q = -15700 - -82383. Is q a composite number?
False
Is -28 + 24 + 5984 + 1 a prime number?
True
Let w(b) = 4288*b**2 - 23*b + 81. Is w(4) prime?
True
Suppose 0 = o - 4*d - 443 - 316, 0 = -2*o + 4*d + 1510. Is o a composite number?
False
Suppose 0 = 3*m - 2*q - 27265, -28281 = -4*m - q + 8087. Is m prime?
True
Is 1*(1 - (-5 - 5933)) composite?
False
Let f = -13 - -15. Suppose f*r = -8*r + 8870. Is r a composite number?
False
Let o(a) = 14 + 14 + 7 + 225*a**2 - 37. Is o(1) a prime number?
True
Suppose 3*p - 31 = -4*o, -3*o = p + 4*p - 37. Let h = -1 - -1. Suppose h = -4*a + 2*u + 836, -3*u - 1043 = -p*a - 0*u. Is a a composite number?
False
Let p be -3 + (4 - 2) - 5. Is (-469)/(-14) - 3/p a prime number?
False
Let v be (-3 + 0)*((-2836)/12 - 0). Suppose -q + 154 + v = 0. Is q a prime number?
True
Let z be (-4)/(-1)*22/(-8). Let h = 12 + z. Is h/((-2)/(-59*2)) prime?
True
Let n be (-1)/(((-10)/25)/2). Suppose 2*d + o - 192 = -o, -5*o - 460 = -n*d. Is d composite?
True
Let y(j) = -233*j + 21. Let m(o) = o - 1. Let w(d) = -6*m(d) - y(d). Is w(6) prime?
False
Is 9763 - -1*(2 - -2) a composite number?
False
Let n = -4 + 3. Suppose -4*g + 367 = 4*m - 3*m, -g = 4*m - 73. Is n/((9/g)/(-3)) composite?
False
Let d(i) = -26*i + 1. Let c(r) = -3*r + 15. Let u be c(6). Is d(u) a prime number?
True
Suppose 23 = 4*f + f + 4*v, 2*f - 4*v = -2. Suppose -f*q + 2*q + 1841 = 4*a, -a + 7349 = 4*q. Is q composite?
True
Suppose h + 3*b + 1 = b, 3*h - 17 = 4*b. Suppose 5*q - h*z - 2794 = 0, 3*q + 691 - 2347 = -5*z. Is q a prime number?
True
Suppose 0 = 4*h, -5*h = 6*q - 2*q + 48. Let a be (q/(-30))/((-1)/115). Is -2 + a/(-2) + 2 prime?
True
Let f(n) = n**2 + n - 2. Let x be f(0). Let k(h) = -h - 7. Let p be k(-9). Is (-204)/(x*2) + p composite?
False
Is (-20587)/34*(6/(-3) + 0) a prime number?
False
Let w(a) = -2*a + 14. Let m be w(-7). Is (-12)/m - 21434/(-49) prime?
False
Let o(i) = 3*i - 10. Let y(g) = -1. Let b(a) = -o(a) + 5*y(a). Let x be b(2). Is (-220)/x + 5 + -2 a prime number?
True
Let v(o) = -34*o**3 - 3*o**2 + 2*o + 4. Let r be 0 - (2 - (-1 + 0)). Is v(r) prime?
False
Is 10294/(((-3)/2)/((-24)/32)) a prime number?
True
Let c(y) = y**3 + y**2 + 8*y + 13093. Is c(0) a prime number?
True
Suppose 63*r - 6758763 = 1585272. Is r composite?
True
Is 18/54 - 18092/(-3) composite?
True
Suppose 25*x - 646981 - 285544 = 0. Is x a composite number?
True
Suppose 0 = -4*y + 5382 - 510. Suppose -2*l = l - y. Suppose -4*w + 222 = -l. Is w a composite number?
False
Let k = -9820 + 20081. Is k a prime number?
False
Let r be 1 - (-390 + (-4 - -5)). Suppose -1269 = -3*t - r. Is t a composite number?
False
Let q be (8/10)/((-8)/80). Let m(x) = 2*x**3 + 10*x**2 + 10*x. Let o be m(q). Is o/(-18) + 8/36 prime?
False
Let u be 3/2 - (-125)/(-10). Let h(v) = -3*v**2 - v + 13. Let w(i) = 4*i**2 - 14. Let y(n) = -3*h(n) - 2*w(n). Is y(u) prime?
False
Let q = -26 - -16. Is (-599)/(-4) - (2 - q/(-8)) prime?
True
Let m = -2318 - -6985. Is m prime?
False
Let x(l) = -l**2 - 7*l + 2. Let y be x(-7). Suppose 5*a + y*p = 7*p + 2650, 0 = -3*a - p + 1610. Is a prime?
False
Suppose -109*v + 84*v = -19225. Is v a prime number?
True
Let f(x) = -x**3 + 5*x**2 - 2*x + 12. Let o be f(5). Suppose 4*b - o*b = 6. Suppose -p = -b*p + 1402. Is p a composite number?
False
Let t(s) = -s. Let m be t(1). Let q be -9 - (1 + m + -2). Is q/21 + 772/3 composite?
False
Suppose 3*a = -3*a + 90. Let b be 20/a*(-3)/(-2). Suppose -f + b = -k - 7, 3*f + 4*k = 62. Is f a composite number?
True
Suppose 4*t = 2*o + 256882, -5*t = -3*t - 2*o - 128444. Is t prime?
False
Is ((-14)/(-35))/(3/25035) prime?
False
Let c = -8490 - -13457. Is c prime?
True
Let t = 39422 + -22635. Is t a composite number?
False
Let m(t) = 62*t**2 - 3*t + 143. Is m(-28) composite?
True
Suppose 3*r = -u + 971, -1942 = -2*u + 2*r - 3*r. Is u composite?
False
Suppose 8*j + 4 = 9*j. Let t(a) = 15*a + 5. Is t(j) a composite number?
True
Let z(p) = 2*p**3 + 5*p**2 + p - 3. Let o be z(5). Let g = 675 - o. Is g a composite number?
True
Let h = -7502 + 12631. Is h prime?
False
Suppose 140*o - 18 = 134*o. Let n(c) = 18*c - 6. Let l be n(6). Suppose o*z - l = -0*z. Is z composite?
True
Let x be (-3 - 2)*8/(-10). Let r(v) = 36*v**2 + 2*v + 5. Is r(x) a prime number?
False
Let u be ((-212)/(-3))/((-2)/(-3)). Suppose 2*y = -0 + u. Is y composite?
False
Let s = -5 + 6. Let z be 3/2 + (-19)/2. Is (s*2)/(z/(-84)) composite?
True
Let u be 1 + -3*(-8)/(-12). Let f be -28*(u + (-9)/6). Let d = -35 + f. Is d a composite number?
True
Is 3*(-5 + (380960/(-12))/(-10)) a composite number?
True
Let w = 4647 - 1104. Is w a prime number?
False
Let w = 3575 + -2200. Suppose -a - w = -3954. Is a composite?
False
Is -2 - (-39)/13*41150/6 composite?
True
Let w = 23334 - 12343. Is w prime?
False
Let x = -18 + -1. Let u = 438 + x. Is u composite?
False
Suppose w - r = -w + 15333, -w - 4*r + 7689 = 0. Is w a prime number?
True
Suppose 8*k - 7*k = 5. Suppose k*g - 2195 = 4*f, 418 = 6*g - 5*g - 5*f. Is g a composite number?
False
Suppose -7*m = -12*m + 15. Suppose -251 = -4*j + m*j. Is j a composite number?
False
Let h(l) = -225*l**3 - l**2 + 3*l + 3. Is h(-2) composite?
True
Let c(z) = -10*z + 4*z + 9*z + 1959. Is c(0) prime?
False
Suppose 11*z - 6821 - 10086 = 0. Is z composite?
True
Suppose 7*n - 1 = -57. Is 2/8 + (-7670)/n composite?
True
Suppose d - 12 + 9 = 0. Suppose 2*p + l = -0*p - 15, -4*p - 33 = d*l. Let f(m) = -2*m**3 - 10*m**2 - 10*m - 11. Is f(p) prime?
False
Let d(k) = 1215*k**2 + 9*k - 17. Is d(2) a composite number?
False
Suppose -3*v + 2788 = 6*r - 5*r, 3*r = -3*v + 8382. Is r a prime number?
True
Suppose -29*l + 28*l + 1087 = 0. Is l prime?
True
Let c be 9/(-12)*2*20/(-3). Suppose 9*y = c*y - 391. Is y a prime number?
False
Suppose -99 = 13*y + 31. Let m(j) be the second derivative of j**4/4 - j**3/2 - 11*j**2/2 + 2*j. Is m(y) a prime number?
False
Let a = 52 + -49. Suppose -2*l = 2*n - 176, a*n - 272 = 9*l - 4*l. Is n a prime number?
True
Let i be 3183/(-2)*(-16)/24. Suppose 0 = 2*j + 6 - 0, -3*j - i = -4*w. Is w prime?
True
Let l = 3335 + 12. Is l a composite number?
False
Let o(j) = 241*j**2 + 2*j + 4. Is o(-3) prime?
False
Let u(k) = 660*k**3 - k - 1. Is u(2) composite?
True
Let x = -29 + 39. Suppose 13*g = x*g + 4413. Is g composite?
False
Suppose 0 = 120*x - 123*x - 3990. Let d = x + 7061. Is d a composite number?
True
Suppose -25*k + 46*k = 1190847. Is k prime?
False
Let f(m) = m - 6. Let l be f(8). Let z be (l + 122)*(-2 - 1). Is 4/18 + z/(-27) composite?
True
Let q = 51 + -46. Let s be ((-2)/3)/(6/(-45)). Suppose v - 4*h + q*h = 180, -s*v + 905 = 4*h. Is v prime?
False
Let u = -9445 - -15224. Is u a prime number?
True
Suppose 4*w = -2*i + 31654, -22*i + 21*i + 23742 = 3*w. Is w prime?
False
Suppose 2*s - 3*l = -2, 3*s + 2*l - 18 = s. Suppose 6 = -2*q, s*q + 1499 = -0*n + 4*n. Is n prime?
False
Suppose 509 + 636 = 3*x + 5*z, -2*x + 2*z = -774. Suppose -o = 3*u - 2*u - 77, o = -5*u + x. Is u a prime number?
False
Let p(q) = 2*q**3 + 21*q**2 + 4*q - 27. Let n be p(-10). Let t be (0 + 1)*2*-9. Let d = n - t. Is d a composite number?
True
Suppose 2